{"id":705,"date":"2014-03-10T14:23:01","date_gmt":"2014-03-10T14:23:01","guid":{"rendered":"http:\/\/dummy.curlythemes.com\/equestrian\/?page_id=705"},"modified":"2018-11-25T12:03:38","modified_gmt":"2018-11-25T12:03:38","slug":"hansel-de-pinella","status":"publish","type":"page","link":"https:\/\/teckelsdemestral.com\/index.php\/ejemplares\/hansel-de-pinella\/","title":{"rendered":"Chj Ch CAT Hansel de Pinella"},"content":{"rendered":"[vc_row][vc_column][vc_column_text]<div class=\"content-column one-three\" ><p><a href=\"http:\/\/teckelsdemestral.com\/wp-content\/uploads\/2013\/07\/Foto-1.jpg\" title=\"Halymyres Preston\" data-lightbox=\"lightbox-\" ><\/p>\n<div class=\"photo-frame\">\n<p> <img decoding=\"async\" loading=\"lazy\" class=\"alignnone size-full wp-image-637\" src=\"http:\/\/teckelsdemestral.com\/wp-content\/uploads\/2013\/07\/Foto-1.jpg\" alt=\"640x480\" width=\"640\" height=\"480\" \/> <\/p>\n<\/div>\n<p><\/a><\/p>\n<\/div>\n<div class=\"content-column last clearfix two-three\" ><h4 class=\"special-title\">Hansel de Pinella<\/h4>\n<div class=\"list-default-list\">\n<ul>\n<li><span style=\"line-height: 13px;\">Teckel Kaninchen pelo corto.<\/span><\/li>\n<li>Color: Negro y fuego<\/li>\n<li>Per\u00edmetro tor\u00e1cico: 30 cm<\/li>\n<\/ul>\n<\/div>\n<p>Hansel es una teckel con una morfologia muy equilibrada. Posee una estructura \u00f3sea muy bien definida con un andar fluido y muy elgante. Ha conseguido diferentes CAC, CACIB y Mejor de raza en las diferentes exposiciones caninas nacionales e internacionales en las que ha participado.<\/p>\n<p>Hansel es hija de la multi campeona de Espa\u00f1a MCh Hula de Pinella. Posee un magn\u00edfico pedegr\u00ed en los que figuran diferentes campeones nacionales de belleza as\u00ed como campeones mundiales.<\/p>\n<p>Nuestra Kaninchen, es campeona de belleza y morfologia de Catalunya en categoria abierta y joven.<\/p>\n<\/div><div class=\"clear\"><\/div>\n<div class=\"content-column two-three\" ><h3 class=\"special-title\">T\u00edtulos y calificaciones<\/h3>\n<p><strong>Campeona Catalu\u00f1a 2014<\/strong><br \/>\n<strong> Campeona Joven Catalu\u00f1a 2012<\/strong><\/p>\n<p>Ch. Hansel de Pinella (Multi Ch. Hula de Pinella x Straugh j\u00fcrgen de Pinella)<\/p>\n<p>(Hija Campeona de Espa\u00f1a, Gibraltar y Marruecos 2012)<br \/>\n<a href=\"http:\/\/teckelsdemestral.com\/wp-content\/uploads\/2015\/09\/girona-2013.pdf\">C.A.C.I.B<\/a><\/p>\n<p><strong>Clase Teckel Kaninchen pelo corto Abierta:<\/strong><\/p>\n<div class=\"list-default-list\">\n<ul>\n<li><span style=\"line-height: 13px;\">Mejor teckel Kaninchen en la III Exposici\u00f3n Internacional de Valls 2014. Mejor de Raza<br \/>\n( EXC.1- C.A.C- C.A.C.I.B- M.R) . Jueza: .Mrs. Sonja Vretenic (ME). Montenegro <\/span><\/li>\n<li>Mejor teckel Kaninchen en la 83 Exposici\u00f3n Internacional de Martorell 2014. Mejor de Raza<br \/>\n(EXC.1- C.A.C- C.A.C.I.B- M.R). Juez: Don. Adrian Argente del Castillo<\/li>\n<li>Mejor teckel Kaninchen en el III concurs nacional can\u00ed Roda de Bar\u00e0 2014. Mejor de Raza<br \/>\n( EXC.1- M.R). Juez: Don. Josep Sala Tico<\/li>\n<li>Mejor teckel Kaninchen Hembra en la XVII Exposici\u00f3n Internacional de Girona 2013.<br \/>\n( EXC.1- C.A.C- C.A.C.I.B- ). Jueza: D\u00f1a. Daniela Radu ( RU )<\/li>\n<li>Mejor teckel Kaninchen en la II Exposici\u00f3n Internacional de Valls 2013. Mejor de Raza<br \/>\n( EXC.1- C.A.C- C.A.C.I.B- M.R). Jueza: D\u00f1a. Carmen Navarro Guisado<\/li>\n<li>Mejor teckel Kaninchen hembra en el XLI concurs nacional can\u00ed Igualada 2013.<br \/>\n( EXC.1). Jueza: D\u00f1a. Laura Sanchez<\/li>\n<\/ul>\n<\/div>\n<p>Puntuaciones: 4 x CAC \u2013 4 x CACIB \u2013 4 x MR- 8 x EXC 1<\/p>\n<p><strong>Clase Teckel Kaninchen joven \u2013 cachorro &#8211; puppy:<\/strong><\/p>\n<div class=\"list-default-list\">\n<ul>\n<li><span style=\"line-height: 13px;\">Mejor Muy cachorro en la XVI Exposici\u00f3n internacioanl de Girona 2012. Mejor de Raza<br \/>\n(MB 1- MC). Jueza: D\u00f1a. Anna Mesto<\/span><\/li>\n<li>Mejor Muy cachorro hembra en la XXXII Exposici\u00f3n internacioanl de Zaragoza 2012.<br \/>\n(MB 1). Juez Especialista. Dn. Antonio Choya.<\/li>\n<li>Mejor Muy cachorro hembra en la XXIV Exposici\u00f3n Nacional de Zaragoza 2012.<br \/>\n(MB 1). Juez: Dn.Carlos Fernandez Renau.<\/li>\n<li>Mejor cachorro en el XL Concurs Nacional de Can\u00ed Igualada 2012.<br \/>\n(MB.1- M.C). Jueza: D\u00f1a. Sara Castillo.<\/li>\n<li>Mejor Muy cachorro en la XVII Exposici\u00f3n Nacional de Vic 2012.<br \/>\n(MB 1). Juez especialista. Dn. Francisco P\u00e9rez \u00c1lvarez.<\/li>\n<li>Mejor joven y mejor ejemplar de grupo IV en el V Concurs Nacional de T\u00e0rrega 2012.<br \/>\n(EXC.1- M.R- M.G). Jueza: D\u00f1a. Yolanda Codina<\/li>\n<\/ul>\n<\/div>\n<\/div>\n<div class=\"content-column last clearfix one-three\" ><h3 class=\"special-title\">Pedegr\u00ed<\/h3>\n<p><a href=\"http:\/\/teckelsdemestral.com\/wp-content\/uploads\/2015\/11\/Hansel_de_Pinella.pdf\">Ver pedegr\u00ed<\/a><\/p>\n<\/div><div class=\"clear\"><\/div>\n","protected":false},"excerpt":{"rendered":"<p>[vc_row][vc_column][vc_column_text]<\/p>\n","protected":false},"author":2,"featured_media":0,"parent":199,"menu_order":0,"comment_status":"open","ping_status":"closed","template":"","meta":[],"_links":{"self":[{"href":"https:\/\/teckelsdemestral.com\/index.php\/wp-json\/wp\/v2\/pages\/705"}],"collection":[{"href":"https:\/\/teckelsdemestral.com\/index.php\/wp-json\/wp\/v2\/pages"}],"about":[{"href":"https:\/\/teckelsdemestral.com\/index.php\/wp-json\/wp\/v2\/types\/page"}],"author":[{"embeddable":true,"href":"https:\/\/teckelsdemestral.com\/index.php\/wp-json\/wp\/v2\/users\/2"}],"replies":[{"embeddable":true,"href":"https:\/\/teckelsdemestral.com\/index.php\/wp-json\/wp\/v2\/comments?post=705"}],"version-history":[{"count":23,"href":"https:\/\/teckelsdemestral.com\/index.php\/wp-json\/wp\/v2\/pages\/705\/revisions"}],"predecessor-version":[{"id":1083,"href":"https:\/\/teckelsdemestral.com\/index.php\/wp-json\/wp\/v2\/pages\/705\/revisions\/1083"}],"up":[{"embeddable":true,"href":"https:\/\/teckelsdemestral.com\/index.php\/wp-json\/wp\/v2\/pages\/199"}],"wp:attachment":[{"href":"https:\/\/teckelsdemestral.com\/index.php\/wp-json\/wp\/v2\/media?parent=705"}],"curies":[{"name":"wp","href":"https:\/\/api.w.org\/{rel}","templated":true}]}}