{"id":825,"date":"2015-09-24T17:15:02","date_gmt":"2015-09-24T17:15:02","guid":{"rendered":"http:\/\/teckelsdemestral.com\/?page_id=825"},"modified":"2018-12-06T21:25:29","modified_gmt":"2018-12-06T21:25:29","slug":"camadas","status":"publish","type":"page","link":"https:\/\/teckelsdemestral.com\/index.php\/camadas\/","title":{"rendered":"Camadas"},"content":{"rendered":"[vc_row][vc_column width=\u00bb1\/2&#8243;][vc_gallery type=\u00bbnivo\u00bb interval=\u00bb5&#8243; images=\u00bb1130,1131,1132,1133&#8243; img_size=\u00bb600&#215;400&#8243; onclick=\u00bb\u00bb css_animation=\u00bbnone\u00bb][\/vc_column][vc_column width=\u00bb1\/2&#8243;][vc_column_text]Nuestro proceso de cria se limita a pocas camadas anuales, con lo que buscamos mejorar morfol\u00f3gica y ps\u00edquicamente nuestros cachorros, con el fin de augmentar la calidad de esta magn\u00edfica raza que tanto nos cautiva.<\/p>\n<p>S\u00f3lo hacemos camadas con reproductores muy bien estudiados para mejorar nuestro proceso de cria y poder seguir presentando nuestros ejemplares en las exposiciones caninas nacionales e internacionales.<\/p>\n<p>Los cachorros que entregamos son teckels de reproductores de alta calidad morfol\u00f3gica, previamente juzgados por juezes especialistas en la raza que acreditan el buen hacer de nuestra linea de trabajo.<\/p>\n<p>Nuestros cachorros se entregan a partir de los dos meses de edad, con las vacunas correspondientes y fotocopia de inscripci\u00f3n de la camada en el L.O.E.[\/vc_column_text][\/vc_column][\/vc_row]\n","protected":false},"excerpt":{"rendered":"<p>[vc_row][vc_column width=\u00bb1\/2&#8243;][vc_gallery type=\u00bbnivo\u00bb interval=\u00bb5&#8243; images=\u00bb1130,1131,1132,1133&#8243; img_size=\u00bb600&#215;400&#8243; onclick=\u00bb\u00bb css_animation=\u00bbnone\u00bb][\/vc_column][vc_column width=\u00bb1\/2&#8243;][vc_column_text]Nuestro proceso de cria se limita a pocas camadas anuales, con lo que buscamos mejorar morfol\u00f3gica y ps\u00edquicamente nuestros cachorros, con el fin de augmentar la calidad de esta magn\u00edfica raza que tanto nos cautiva. S\u00f3lo hacemos camadas con reproductores muy bien estudiados para mejorar nuestro proceso de cria y poder seguir [&hellip;] <a class=\"continue-reading h6 color-primary\" href=\"https:\/\/teckelsdemestral.com\/index.php\/camadas\/\"><i class=\"fa fa-fw fa-angle-double-right \"><\/i>Continue Reading<\/a><\/p>\n","protected":false},"author":1,"featured_media":0,"parent":0,"menu_order":0,"comment_status":"closed","ping_status":"closed","template":"","meta":[],"_links":{"self":[{"href":"https:\/\/teckelsdemestral.com\/index.php\/wp-json\/wp\/v2\/pages\/825"}],"collection":[{"href":"https:\/\/teckelsdemestral.com\/index.php\/wp-json\/wp\/v2\/pages"}],"about":[{"href":"https:\/\/teckelsdemestral.com\/index.php\/wp-json\/wp\/v2\/types\/page"}],"author":[{"embeddable":true,"href":"https:\/\/teckelsdemestral.com\/index.php\/wp-json\/wp\/v2\/users\/1"}],"replies":[{"embeddable":true,"href":"https:\/\/teckelsdemestral.com\/index.php\/wp-json\/wp\/v2\/comments?post=825"}],"version-history":[{"count":9,"href":"https:\/\/teckelsdemestral.com\/index.php\/wp-json\/wp\/v2\/pages\/825\/revisions"}],"predecessor-version":[{"id":1136,"href":"https:\/\/teckelsdemestral.com\/index.php\/wp-json\/wp\/v2\/pages\/825\/revisions\/1136"}],"wp:attachment":[{"href":"https:\/\/teckelsdemestral.com\/index.php\/wp-json\/wp\/v2\/media?parent=825"}],"curies":[{"name":"wp","href":"https:\/\/api.w.org\/{rel}","templated":true}]}}

[vc_row][vc_column width=»1/2&#8243;][vc_gallery type=»nivo» interval=»5&#8243; images=»1130,1131,1132,1133&#8243; img_size=»600&#215;400&#8243; onclick=»» css_animation=»none»][/vc_column][vc_column width=»1/2&#8243;][vc_column_text]Nuestro proceso de cria se limita a pocas camadas anuales, con lo que buscamos mejorar morfológica y psíquicamente nuestros cachorros, con el fin de augmentar la calidad de esta magnífica raza que tanto nos cautiva.</p>
<p>Sólo hacemos camadas con reproductores muy bien estudiados para mejorar nuestro proceso de cria y poder seguir presentando nuestros ejemplares en las exposiciones caninas nacionales e internacionales.</p>
<p>Los cachorros que entregamos son teckels de reproductores de alta calidad morfológica, previamente juzgados por juezes especialistas en la raza que acreditan el buen hacer de nuestra linea de trabajo.</p>
<p>Nuestros cachorros se entregan a partir de los dos meses de edad, con las vacunas correspondientes y fotocopia de inscripción de la camada en el L.O.E.[/vc_column_text][/vc_column][/vc_row]

<p>[vc_row][vc_column width=»1/2&#8243;][vc_gallery type=»nivo» interval=»5&#8243; images=»1130,1131,1132,1133&#8243; img_size=»600&#215;400&#8243; onclick=»» css_animation=»none»][/vc_column][vc_column width=»1/2&#8243;][vc_column_text]Nuestro proceso de cria se limita a pocas camadas anuales, con lo que buscamos mejorar morfológica y psíquicamente nuestros cachorros, con el fin de augmentar la calidad de esta magnífica raza que tanto nos cautiva. Sólo hacemos camadas con reproductores muy bien estudiados para mejorar nuestro proceso de cria y poder seguir [&hellip;] <a class="continue-reading h6 color-primary" href="https://teckelsdemestral.com/index.php/camadas/"><i class="fa fa-fw fa-angle-double-right "></i>Continue Reading</a></p>
